{"id":24,"date":"2026-02-13T10:04:34","date_gmt":"2026-02-13T09:04:34","guid":{"rendered":"https:\/\/envtest.iterg.com\/?page_id=24"},"modified":"2026-03-13T10:09:56","modified_gmt":"2026-03-13T09:09:56","slug":"vos-besoins","status":"publish","type":"page","link":"https:\/\/envtest.iterg.com\/index.php\/en\/vos-besoins\/","title":{"rendered":"Vos besoins"},"content":{"rendered":"<p>[et_pb_section fb_built=\u00a0\u00bb1&Prime; admin_label=\u00a0\u00bbHeader\u00a0\u00bb _builder_version=\u00a0\u00bb4.27.5&Prime; _module_preset=\u00a0\u00bbdefault\u00a0\u00bb background_color=\u00a0\u00bbRGBA(255,255,255,0)\u00a0\u00bb overflow-x=\u00a0\u00bbhidden\u00a0\u00bb overflow-y=\u00a0\u00bbhidden\u00a0\u00bb locked=\u00a0\u00bboff\u00a0\u00bb collapsed=\u00a0\u00bbon\u00a0\u00bb global_colors_info=\u00a0\u00bb{}\u00a0\u00bb][et_pb_row column_structure=\u00a0\u00bb1_2,1_2&Prime; _builder_version=\u00a0\u00bb4.25.1&Prime; _module_preset=\u00a0\u00bbdefault\u00a0\u00bb custom_padding=\u00a0\u00bb200px||||false|false\u00a0\u00bb global_colors_info=\u00a0\u00bb{}\u00a0\u00bb][et_pb_column type=\u00a0\u00bb1_2&Prime; _builder_version=\u00a0\u00bb4.25.1&Prime; _module_preset=\u00a0\u00bbdefault\u00a0\u00bb background_color=\u00a0\u00bb#FFFFFF\u00a0\u00bb z_index=\u00a0\u00bb10&Prime; custom_padding=\u00a0\u00bb10%|5%|10%|5%|true|true\u00a0\u00bb custom_padding_tablet=\u00a0\u00bb0%||0%||true|false\u00a0\u00bb custom_padding_phone=\u00a0\u00bb0%||0%||true|false\u00a0\u00bb custom_padding_last_edited=\u00a0\u00bbon|desktop\u00a0\u00bb box_shadow_style=\u00a0\u00bbpreset4&Prime; box_shadow_horizontal=\u00a0\u00bb-200px\u00a0\u00bb box_shadow_vertical=\u00a0\u00bb-90px\u00a0\u00bb box_shadow_color=\u00a0\u00bbgcid-49867634-93e9-4875-ba57-768929494fb1&Prime; global_colors_info=\u00a0\u00bb{%22gcid-672c49ec-b8cc-4f22-a785-dec4ee1498c5%22:%91%22button_text_color%22,%22button_border_color%22,%22button_bg_color__hover%22,%22link_text_color%22,%22quote_text_color%22,%22quote_border_color%22,%22link_text_color%22,%22quote_text_color%22,%22quote_border_color%22%93,%22gcid-heading-color%22:%91%22body_text_color%22%93,%22gcid-0ec00ca9-ec06-4784-a057-5ece2d56f250%22:%91%22header_text_color%22%93,%22gcid-49867634-93e9-4875-ba57-768929494fb1%22:%91%22box_shadow_color%22%93}\u00a0\u00bb][et_pb_heading title=\u00a0\u00bbNotre expertise\u00a0\u00bb _builder_version=\u00a0\u00bb4.27.5&Prime; _module_preset=\u00a0\u00bb0718b0c6-8adc-48e7-9721-822dc765d3ee\u00a0\u00bb title_text_color=\u00a0\u00bb#88c4dd\u00a0\u00bb global_colors_info=\u00a0\u00bb{}\u00a0\u00bb][\/et_pb_heading][et_pb_text _builder_version=\u00a0\u00bb4.27.5&Prime; _module_preset=\u00a0\u00bbdefault\u00a0\u00bb global_colors_info=\u00a0\u00bb{}\u00a0\u00bb]<\/p>\n<h1>De la sciences \u00e0 l&rsquo;industrie<\/h1>\n<p>[\/et_pb_text][et_pb_divider color=\u00a0\u00bbgcid-49867634-93e9-4875-ba57-768929494fb1&Prime; _builder_version=\u00a0\u00bb4.25.1&Prime; _module_preset=\u00a0\u00bbdefault\u00a0\u00bb height=\u00a0\u00bb1px\u00a0\u00bb global_colors_info=\u00a0\u00bb{%22gcid-49867634-93e9-4875-ba57-768929494fb1%22:%91%22color%22%93}\u00a0\u00bb][\/et_pb_divider][et_pb_text _builder_version=\u00a0\u00bb4.27.5&Prime; _module_preset=\u00a0\u00bb770f41f4-3d1a-43c1-aba0-820cd9658031&Prime; text_font=\u00a0\u00bbSource Sans Pro||||||||\u00a0\u00bb header_font=\u00a0\u00bbSource Sans Pro|500|||||||\u00a0\u00bb header_5_font=\u00a0\u00bbSource Sans Pro|500|||||||\u00a0\u00bb global_colors_info=\u00a0\u00bb{}\u00a0\u00bb]<\/p>\n<h5>De l\u2019analyse scientifique \u00e0 l\u2019industrialisation,<br data-start=\"601\" data-end=\"604\" \/>nous intervenons \u00e0 chaque \u00e9tape de vos projets.<\/h5>\n<p>[\/et_pb_text][et_pb_accordion toggle_icon=\u00a0\u00bb&#x49;||divi||400&Prime; _builder_version=\u00a0\u00bb4.27.5&Prime; _module_preset=\u00a0\u00bbdefault\u00a0\u00bb border_radii=\u00a0\u00bbon|12px|12px|12px|12px\u00a0\u00bb global_colors_info=\u00a0\u00bb{}\u00a0\u00bb][et_pb_accordion_item title=\u00a0\u00bbANALYSER\u00a0\u00bb open_toggle_text_color=\u00a0\u00bb#88c4dd\u00a0\u00bb closed_toggle_text_color=\u00a0\u00bb#88c4dd\u00a0\u00bb icon_color=\u00a0\u00bb#88c4dd\u00a0\u00bb _builder_version=\u00a0\u00bb4.27.5&Prime; _module_preset=\u00a0\u00bbdefault\u00a0\u00bb global_colors_info=\u00a0\u00bb{}\u00a0\u00bb toggle_text_color=\u00a0\u00bb#88c4dd\u00a0\u00bb open=\u00a0\u00bbon\u00a0\u00bb]<\/p>\n<p data-start=\"634\" data-end=\"675\"><strong>Comprendre, caract\u00e9riser, s\u00e9curiser<\/strong><\/p>\n<p data-start=\"677\" data-end=\"772\">Toute performance repose sur des donn\u00e9es solides et interpr\u00e9t\u00e9es dans leur contexte industriel.<\/p>\n<p data-start=\"774\" data-end=\"858\">Nos \u00e9quipes mobilisent des laboratoires sp\u00e9cialis\u00e9s et une expertise reconnue pour :<\/p>\n<ul data-start=\"860\" data-end=\"1190\">\n<li data-start=\"860\" data-end=\"947\">\n<p data-start=\"862\" data-end=\"947\">Caract\u00e9riser huiles, prot\u00e9ines et d\u00e9riv\u00e9s (physico-chimie, stabilit\u00e9, sensorialit\u00e9)<\/p>\n<\/li>\n<li data-start=\"948\" data-end=\"999\">\n<p data-start=\"950\" data-end=\"999\">V\u00e9rifier la conformit\u00e9 r\u00e9glementaire et sanitaire<\/p>\n<\/li>\n<li data-start=\"1000\" data-end=\"1065\">\n<p data-start=\"1002\" data-end=\"1065\">Identifier des alt\u00e9rations (oxydation..), adult\u00e9rations, contaminations<\/p>\n<\/li>\n<li data-start=\"1066\" data-end=\"1126\">\n<p data-start=\"1068\" data-end=\"1126\">\u00c9valuer les performances nutritionnelles et fonctionnelles<\/p>\n<\/li>\n<\/ul>\n<p data-start=\"1192\" data-end=\"1317\"><strong data-start=\"1192\" data-end=\"1220\">Comp\u00e9tences mobilis\u00e9es :<\/strong><br data-start=\"1220\" data-end=\"1223\" \/>Laboratoires d\u2019analyse et expertise &#8211; Nutrition Sant\u00e9<\/p>\n<p>[\/et_pb_accordion_item][et_pb_accordion_item title=\u00a0\u00bbPRODUIRE\u00a0\u00bb open_toggle_text_color=\u00a0\u00bb#88c4dd\u00a0\u00bb icon_color=\u00a0\u00bb#88c4dd\u00a0\u00bb _builder_version=\u00a0\u00bb4.27.5&Prime; _module_preset=\u00a0\u00bbdefault\u00a0\u00bb global_colors_info=\u00a0\u00bb{}\u00a0\u00bb toggle_text_color=\u00a0\u00bb#88c4dd\u00a0\u00bb open=\u00a0\u00bboff\u00a0\u00bb]<\/p>\n<p data-start=\"1371\" data-end=\"1431\"><strong>Ma\u00eetriser vos proc\u00e9d\u00e9s, s\u00e9curiser votre industrialisation<\/strong><\/p>\n<p data-start=\"1433\" data-end=\"1543\">La transformation des lipides et d\u00e9riv\u00e9s exige rigueur, ma\u00eetrise des param\u00e8tres et adaptation aux r\u00e9alit\u00e9s industrielles.<\/p>\n<p data-start=\"1545\" data-end=\"1593\">Nous intervenons du laboratoire au pilote pour :<\/p>\n<ul data-start=\"1595\" data-end=\"1821\">\n<li data-start=\"1595\" data-end=\"1637\">\n<p data-start=\"1597\" data-end=\"1637\">Optimiser la trituration et le raffinage<\/p>\n<\/li>\n<li data-start=\"1638\" data-end=\"1677\">\n<p data-start=\"1640\" data-end=\"1677\">Am\u00e9liorer les rendements d\u2019extraction<\/p>\n<\/li>\n<li data-start=\"1678\" data-end=\"1720\">\n<p data-start=\"1680\" data-end=\"1720\">Ma\u00eetriser purification et fractionnement<\/p>\n<\/li>\n<li data-start=\"1721\" data-end=\"1775\">\n<p data-start=\"1723\" data-end=\"1775\">D\u00e9velopper ou ajuster des proc\u00e9d\u00e9s de transformation<\/p>\n<\/li>\n<li data-start=\"1776\" data-end=\"1821\">\n<p data-start=\"1778\" data-end=\"1821\">S\u00e9curiser la mont\u00e9e en \u00e9chelle industrielle<\/p>\n<\/li>\n<li data-start=\"1776\" data-end=\"1821\">R\u00e9duction de l\u2019impact environnemental des proc\u00e9d\u00e9s<\/li>\n<\/ul>\n<p data-start=\"1823\" data-end=\"1909\">Nos plateformes techniques permettent de tester, ajuster et valider avant d\u00e9ploiement.<\/p>\n<p data-start=\"1911\" data-end=\"2033\"><strong data-start=\"1911\" data-end=\"1939\">Comp\u00e9tences mobilis\u00e9es :<\/strong><br data-start=\"1939\" data-end=\"1942\" \/><a href=\"https:\/\/envtest.iterg.com\/index.php\/trituration-raffinage\/\"><span style=\"color: #008080;\">Trituration \u2013 Raffinage<\/span><\/a> \u2013 Chimie du v\u00e9g\u00e9tal \u2013 Production pilote et industrielle &#8211; Environnement &amp; Ecoconception &#8211; Audit-Conseil<\/p>\n<p>[\/et_pb_accordion_item][et_pb_accordion_item title=\u00a0\u00bbINNOVER\u00a0\u00bb open=\u00a0\u00bboff\u00a0\u00bb open_toggle_text_color=\u00a0\u00bb#88c4dd\u00a0\u00bb icon_color=\u00a0\u00bb#88c4dd\u00a0\u00bb _builder_version=\u00a0\u00bb4.27.5&Prime; _module_preset=\u00a0\u00bbdefault\u00a0\u00bb global_colors_info=\u00a0\u00bb{}\u00a0\u00bb toggle_text_color=\u00a0\u00bb#88c4dd\u00a0\u00bb]<\/p>\n<p data-start=\"2085\" data-end=\"2137\"><strong>D\u00e9velopper des solutions performantes et durables<\/strong><\/p>\n<p data-start=\"215\" data-end=\"434\">Une innovation doit \u00eatre techniquement robuste, \u00e9conomiquement viable et capable de r\u00e9pondre aux attentes du march\u00e9 tout en int\u00e9grant les enjeux environnementaux.<\/p>\n<p data-start=\"436\" data-end=\"563\">Nous vous accompagnons dans le d\u00e9veloppement de solutions diff\u00e9renciantes, de la phase de conception \u00e0 la validation technique.<\/p>\n<p data-start=\"2580\" data-end=\"2634\">Nous relions recherche scientifique et r\u00e9alit\u00e9 march\u00e9.<\/p>\n<p data-start=\"2636\" data-end=\"2749\"><strong data-start=\"2636\" data-end=\"2664\">Comp\u00e9tences mobilis\u00e9es :<\/strong><br data-start=\"2664\" data-end=\"2667\" \/>Formulation \u2013 Nutrition Sant\u00e9 \u2013 Chimie du v\u00e9g\u00e9tal \u2013 Environnement &amp; \u00c9co-conception<\/p>\n<p>[\/et_pb_accordion_item][et_pb_accordion_item title=\u00a0\u00bbACCOMPAGNER\u00a0\u00bb open_toggle_text_color=\u00a0\u00bb#88c4dd\u00a0\u00bb icon_color=\u00a0\u00bb#88c4dd\u00a0\u00bb _builder_version=\u00a0\u00bb4.27.5&Prime; _module_preset=\u00a0\u00bbdefault\u00a0\u00bb global_colors_info=\u00a0\u00bb{}\u00a0\u00bb toggle_text_color=\u00a0\u00bb#88c4dd\u00a0\u00bb open=\u00a0\u00bboff\u00a0\u00bb]<\/p>\n<p data-start=\"2809\" data-end=\"2857\"><strong>R\u00e9duire les risques, renforcer la ma\u00eetrise<\/strong><\/p>\n<p data-start=\"260\" data-end=\"466\">Parce que les d\u00e9cisions techniques, r\u00e9glementaires et environnementales engagent durablement votre activit\u00e9, nous vous accompagnons \u00e0 chaque \u00e9tape pour s\u00e9curiser vos choix et structurer votre d\u00e9veloppement.<\/p>\n<p data-start=\"468\" data-end=\"553\">Nous intervenons comme partenaire de confiance, en appui strat\u00e9gique et op\u00e9rationnel.<\/p>\n<p data-start=\"3236\" data-end=\"3341\"><strong data-start=\"3236\" data-end=\"3264\">Comp\u00e9tences mobilis\u00e9es :<\/strong><br data-start=\"3264\" data-end=\"3267\" \/>Audit \u2013 Conseil \u2013 Formation \u2013 Environnement<\/p>\n<p>[\/et_pb_accordion_item][\/et_pb_accordion][et_pb_button button_text=\u00a0\u00bbContact\u00a0\u00bb _builder_version=\u00a0\u00bb4.27.5&Prime; _module_preset=\u00a0\u00bbdefault\u00a0\u00bb custom_button=\u00a0\u00bbon\u00a0\u00bb button_text_color=\u00a0\u00bb#00414c\u00a0\u00bb button_bg_color=\u00a0\u00bbRGBA(255,255,255,0)\u00a0\u00bb button_border_width=\u00a0\u00bb2px\u00a0\u00bb button_border_radius=\u00a0\u00bb12px\u00a0\u00bb button_icon=\u00a0\u00bb&#x35;||divi||400&Prime; custom_margin=\u00a0\u00bb62px|||||\u00a0\u00bb animation_style=\u00a0\u00bbslide\u00a0\u00bb global_colors_info=\u00a0\u00bb{}\u00a0\u00bb button_bg_color__hover_enabled=\u00a0\u00bbon|hover\u00a0\u00bb button_bg_color__hover=\u00a0\u00bb#00414c\u00a0\u00bb button_bg_enable_color__hover=\u00a0\u00bbon\u00a0\u00bb button_text_color__hover_enabled=\u00a0\u00bbon|desktop\u00a0\u00bb button_text_color__hover=\u00a0\u00bb#FFFFFF\u00a0\u00bb][\/et_pb_button][\/et_pb_column][et_pb_column type=\u00a0\u00bb1_2&Prime; _builder_version=\u00a0\u00bb4.25.1&Prime; _module_preset=\u00a0\u00bbdefault\u00a0\u00bb global_colors_info=\u00a0\u00bb{}\u00a0\u00bb][et_pb_image src=\u00a0\u00bbhttps:\/\/envtest.iterg.com\/wp-content\/uploads\/2026\/02\/12636Aliance_Iterg_Photos_00198.jpg\u00a0\u00bb title_text=\u00a0\u00bb12636Aliance_Iterg_Photos_00198&Prime; _builder_version=\u00a0\u00bb4.27.5&Prime; _module_preset=\u00a0\u00bbdefault\u00a0\u00bb background_enable_color=\u00a0\u00bboff\u00a0\u00bb width=\u00a0\u00bb92.6%\u00a0\u00bb min_height=\u00a0\u00bb425px\u00a0\u00bb custom_margin=\u00a0\u00bb-200px|||-25%|false|false\u00a0\u00bb animation_style=\u00a0\u00bbfade\u00a0\u00bb animation_duration=\u00a0\u00bb500ms\u00a0\u00bb border_radii=\u00a0\u00bbon|20px|20px|20px|20px\u00a0\u00bb border_color_all=\u00a0\u00bb#E09900&Prime; box_shadow_style=\u00a0\u00bbpreset2&Prime; locked=\u00a0\u00bboff\u00a0\u00bb global_colors_info=\u00a0\u00bb{}\u00a0\u00bb][\/et_pb_image][et_pb_image src=\u00a0\u00bbhttps:\/\/envtest.iterg.com\/wp-content\/uploads\/2026\/02\/37833IMG_3312.jpg\u00a0\u00bb title_text=\u00a0\u00bb37833IMG_3312&Prime; _builder_version=\u00a0\u00bb4.27.5&Prime; _module_preset=\u00a0\u00bbdefault\u00a0\u00bb background_color=\u00a0\u00bbRGBA(255,255,255,0)\u00a0\u00bb transform_translate=\u00a0\u00bb-20px|-77px\u00a0\u00bb border_radii=\u00a0\u00bbon|20px|20px|20px|20px\u00a0\u00bb global_colors_info=\u00a0\u00bb{}\u00a0\u00bb][\/et_pb_image][et_pb_image src=\u00a0\u00bbhttps:\/\/envtest.iterg.com\/wp-content\/uploads\/2026\/02\/7125IMAGE_CANVA21.png\u00a0\u00bb title_text=\u00a0\u00bb7125IMAGE_CANVA21&Prime; _builder_version=\u00a0\u00bb4.27.5&Prime; _module_preset=\u00a0\u00bbdefault\u00a0\u00bb transform_translate=\u00a0\u00bb-62px|-118px\u00a0\u00bb max_width=\u00a0\u00bb65%\u00a0\u00bb border_radii=\u00a0\u00bbon|20px|20px|20px|20px\u00a0\u00bb global_colors_info=\u00a0\u00bb{}\u00a0\u00bb][\/et_pb_image][et_pb_image src=\u00a0\u00bbhttps:\/\/envtest.iterg.com\/wp-content\/uploads\/2026\/02\/2719IMAGE_CANVA10.png\u00a0\u00bb title_text=\u00a0\u00bb2719IMAGE_CANVA10&Prime; _builder_version=\u00a0\u00bb4.27.5&Prime; _module_preset=\u00a0\u00bbdefault\u00a0\u00bb transform_translate=\u00a0\u00bb114px|-163px\u00a0\u00bb border_radii=\u00a0\u00bbon|20px|20px|20px|20px\u00a0\u00bb global_colors_info=\u00a0\u00bb{}\u00a0\u00bb][\/et_pb_image][\/et_pb_column][\/et_pb_row][\/et_pb_section]<\/p>\n","protected":false},"excerpt":{"rendered":"<p>De la sciences \u00e0 l&rsquo;industrieDe l\u2019analyse scientifique \u00e0 l\u2019industrialisation,nous intervenons \u00e0 chaque \u00e9tape de vos projets.Comprendre, caract\u00e9riser, s\u00e9curiser Toute performance repose sur des donn\u00e9es solides et interpr\u00e9t\u00e9es dans leur contexte industriel. Nos \u00e9quipes mobilisent des laboratoires sp\u00e9cialis\u00e9s et une expertise reconnue pour : Caract\u00e9riser huiles, prot\u00e9ines et d\u00e9riv\u00e9s (physico-chimie, stabilit\u00e9, sensorialit\u00e9) V\u00e9rifier la conformit\u00e9 r\u00e9glementaire [&hellip;]<\/p>\n","protected":false},"author":1,"featured_media":0,"parent":0,"menu_order":0,"comment_status":"closed","ping_status":"closed","template":"","meta":{"_et_pb_use_builder":"on","_et_pb_old_content":"","_et_gb_content_width":"","footnotes":""},"class_list":["post-24","page","type-page","status-publish","hentry"],"yoast_head":"<!-- This site is optimized with the Yoast SEO plugin v27.1.1 - https:\/\/yoast.com\/product\/yoast-seo-wordpress\/ -->\n<title>Vos besoins - WordPress<\/title>\n<meta name=\"robots\" content=\"index, follow, max-snippet:-1, max-image-preview:large, max-video-preview:-1\" \/>\n<link rel=\"canonical\" href=\"https:\/\/envtest.iterg.com\/index.php\/en\/vos-besoins\/\" \/>\n<meta property=\"og:locale\" content=\"fr_FR\" \/>\n<meta property=\"og:type\" content=\"article\" \/>\n<meta property=\"og:title\" content=\"Vos besoins - WordPress\" \/>\n<meta property=\"og:description\" content=\"De la sciences \u00e0 l&#039;industrieDe l\u2019analyse scientifique \u00e0 l\u2019industrialisation,nous intervenons \u00e0 chaque \u00e9tape de vos projets.Comprendre, caract\u00e9riser, s\u00e9curiser Toute performance repose sur des donn\u00e9es solides et interpr\u00e9t\u00e9es dans leur contexte industriel. Nos \u00e9quipes mobilisent des laboratoires sp\u00e9cialis\u00e9s et une expertise reconnue pour : Caract\u00e9riser huiles, prot\u00e9ines et d\u00e9riv\u00e9s (physico-chimie, stabilit\u00e9, sensorialit\u00e9) V\u00e9rifier la conformit\u00e9 r\u00e9glementaire [&hellip;]\" \/>\n<meta property=\"og:url\" content=\"https:\/\/envtest.iterg.com\/index.php\/en\/vos-besoins\/\" \/>\n<meta property=\"og:site_name\" content=\"WordPress\" \/>\n<meta property=\"article:modified_time\" content=\"2026-03-13T09:09:56+00:00\" \/>\n<meta name=\"twitter:card\" content=\"summary_large_image\" \/>\n<meta name=\"twitter:label1\" content=\"Dur\u00e9e de lecture estim\u00e9e\" \/>\n\t<meta name=\"twitter:data1\" content=\"5 minutes\" \/>\n<script type=\"application\/ld+json\" class=\"yoast-schema-graph\">{\"@context\":\"https:\/\/schema.org\",\"@graph\":[{\"@type\":\"WebPage\",\"@id\":\"https:\/\/envtest.iterg.com\/index.php\/en\/vos-besoins\/\",\"url\":\"https:\/\/envtest.iterg.com\/index.php\/en\/vos-besoins\/\",\"name\":\"Vos besoins - WordPress\",\"isPartOf\":{\"@id\":\"https:\/\/envtest.iterg.com\/#website\"},\"datePublished\":\"2026-02-13T09:04:34+00:00\",\"dateModified\":\"2026-03-13T09:09:56+00:00\",\"breadcrumb\":{\"@id\":\"https:\/\/envtest.iterg.com\/index.php\/en\/vos-besoins\/#breadcrumb\"},\"inLanguage\":\"fr-FR\",\"potentialAction\":[{\"@type\":\"ReadAction\",\"target\":[\"https:\/\/envtest.iterg.com\/index.php\/en\/vos-besoins\/\"]}]},{\"@type\":\"BreadcrumbList\",\"@id\":\"https:\/\/envtest.iterg.com\/index.php\/en\/vos-besoins\/#breadcrumb\",\"itemListElement\":[{\"@type\":\"ListItem\",\"position\":1,\"name\":\"Accueil\",\"item\":\"https:\/\/envtest.iterg.com\/\"},{\"@type\":\"ListItem\",\"position\":2,\"name\":\"Vos besoins\"}]},{\"@type\":\"WebSite\",\"@id\":\"https:\/\/envtest.iterg.com\/#website\",\"url\":\"https:\/\/envtest.iterg.com\/\",\"name\":\"ITERG\",\"description\":\"Avec les Prot\u00e9ines et les huiles v\u00e9g\u00e9tales s&#039;ouvre tout un champ des possibles.\",\"potentialAction\":[{\"@type\":\"SearchAction\",\"target\":{\"@type\":\"EntryPoint\",\"urlTemplate\":\"https:\/\/envtest.iterg.com\/?s={search_term_string}\"},\"query-input\":{\"@type\":\"PropertyValueSpecification\",\"valueRequired\":true,\"valueName\":\"search_term_string\"}}],\"inLanguage\":\"fr-FR\"}]}<\/script>\n<!-- \/ Yoast SEO plugin. -->","yoast_head_json":{"title":"Vos besoins - WordPress","robots":{"index":"index","follow":"follow","max-snippet":"max-snippet:-1","max-image-preview":"max-image-preview:large","max-video-preview":"max-video-preview:-1"},"canonical":"https:\/\/envtest.iterg.com\/index.php\/en\/vos-besoins\/","og_locale":"fr_FR","og_type":"article","og_title":"Vos besoins - WordPress","og_description":"De la sciences \u00e0 l'industrieDe l\u2019analyse scientifique \u00e0 l\u2019industrialisation,nous intervenons \u00e0 chaque \u00e9tape de vos projets.Comprendre, caract\u00e9riser, s\u00e9curiser Toute performance repose sur des donn\u00e9es solides et interpr\u00e9t\u00e9es dans leur contexte industriel. Nos \u00e9quipes mobilisent des laboratoires sp\u00e9cialis\u00e9s et une expertise reconnue pour : Caract\u00e9riser huiles, prot\u00e9ines et d\u00e9riv\u00e9s (physico-chimie, stabilit\u00e9, sensorialit\u00e9) V\u00e9rifier la conformit\u00e9 r\u00e9glementaire [&hellip;]","og_url":"https:\/\/envtest.iterg.com\/index.php\/en\/vos-besoins\/","og_site_name":"WordPress","article_modified_time":"2026-03-13T09:09:56+00:00","twitter_card":"summary_large_image","twitter_misc":{"Dur\u00e9e de lecture estim\u00e9e":"5 minutes"},"schema":{"@context":"https:\/\/schema.org","@graph":[{"@type":"WebPage","@id":"https:\/\/envtest.iterg.com\/index.php\/en\/vos-besoins\/","url":"https:\/\/envtest.iterg.com\/index.php\/en\/vos-besoins\/","name":"Vos besoins - WordPress","isPartOf":{"@id":"https:\/\/envtest.iterg.com\/#website"},"datePublished":"2026-02-13T09:04:34+00:00","dateModified":"2026-03-13T09:09:56+00:00","breadcrumb":{"@id":"https:\/\/envtest.iterg.com\/index.php\/en\/vos-besoins\/#breadcrumb"},"inLanguage":"fr-FR","potentialAction":[{"@type":"ReadAction","target":["https:\/\/envtest.iterg.com\/index.php\/en\/vos-besoins\/"]}]},{"@type":"BreadcrumbList","@id":"https:\/\/envtest.iterg.com\/index.php\/en\/vos-besoins\/#breadcrumb","itemListElement":[{"@type":"ListItem","position":1,"name":"Accueil","item":"https:\/\/envtest.iterg.com\/"},{"@type":"ListItem","position":2,"name":"Vos besoins"}]},{"@type":"WebSite","@id":"https:\/\/envtest.iterg.com\/#website","url":"https:\/\/envtest.iterg.com\/","name":"ITERG","description":"Avec les Prot\u00e9ines et les huiles v\u00e9g\u00e9tales s&#039;ouvre tout un champ des possibles.","potentialAction":[{"@type":"SearchAction","target":{"@type":"EntryPoint","urlTemplate":"https:\/\/envtest.iterg.com\/?s={search_term_string}"},"query-input":{"@type":"PropertyValueSpecification","valueRequired":true,"valueName":"search_term_string"}}],"inLanguage":"fr-FR"}]}},"_links":{"self":[{"href":"https:\/\/envtest.iterg.com\/index.php\/wp-json\/wp\/v2\/pages\/24","targetHints":{"allow":["GET"]}}],"collection":[{"href":"https:\/\/envtest.iterg.com\/index.php\/wp-json\/wp\/v2\/pages"}],"about":[{"href":"https:\/\/envtest.iterg.com\/index.php\/wp-json\/wp\/v2\/types\/page"}],"author":[{"embeddable":true,"href":"https:\/\/envtest.iterg.com\/index.php\/wp-json\/wp\/v2\/users\/1"}],"replies":[{"embeddable":true,"href":"https:\/\/envtest.iterg.com\/index.php\/wp-json\/wp\/v2\/comments?post=24"}],"version-history":[{"count":27,"href":"https:\/\/envtest.iterg.com\/index.php\/wp-json\/wp\/v2\/pages\/24\/revisions"}],"predecessor-version":[{"id":1654,"href":"https:\/\/envtest.iterg.com\/index.php\/wp-json\/wp\/v2\/pages\/24\/revisions\/1654"}],"wp:attachment":[{"href":"https:\/\/envtest.iterg.com\/index.php\/wp-json\/wp\/v2\/media?parent=24"}],"curies":[{"name":"wp","href":"https:\/\/api.w.org\/{rel}","templated":true}]}}